 = h**3 + 231*h**2 + 8507*h + 795. What is k(-185)?
1350
Let g(h) = 398*h + 16505. What is g(-42)?
-211
Let y(v) = 22*v**3 - 328*v**2 - 42*v - 48. Calculate y(15).
-228
Let x(u) = 5*u**2 + 327*u + 5876. Determine x(-41).
874
Let g(x) = -27*x**3 + 239*x**2 + 55*x - 267. Calculate g(9).
-96
Let c(d) = -d**3 + 160*d**2 - 1536*d + 256. What is c(10)?
-104
Let q(l) = -753*l**2 + 15824*l - 227. Determine q(21).
4
Let u(r) = 159*r**3 + 14*r**2 - 18*r + 4. Calculate u(1).
159
Let q(x) = -790*x - 223579. Determine q(-283).
-9
Let x(q) = -q**2 - 93*q + 18881. Give x(99).
-127
Let j(a) = 67*a**2 + 1536*a - 122. Calculate j(-23).
-7
Let k(t) = -94*t**2 - 18401*t + 4512. Determine k(-196).
4
Let b(i) = i**3 + 16*i**2 + 87*i + 40. Determine b(-10).
-230
Let w(q) = -269*q - 194485. Give w(-723).
2
Let a(v) = 2*v**2 - 311*v + 770. Give a(153).
5
Let w(q) = 1868*q + 1400995. What is w(-750)?
-5
Let n(g) = -g**2 - 5327*g + 1122585. Give n(203).
-5
Let s(t) = 547*t - 286933. Give s(525).
242
Let a(k) = 2*k**3 - 157*k**2 + 3076*k - 137. Give a(42).
283
Let c(s) = 708*s - 4866. Give c(6).
-618
Let d(y) = 5631*y + 28121. Give d(-5).
-34
Let d(i) = -i**3 - 206*i**2 - 2535*i - 5774. Calculate d(-3).
4
Let v(m) = -33*m**3 + 126*m**2 + m - 13. Determine v(4).
-105
Let d(b) = -b**3 - 20*b**2 + 1770*b + 36724. Determine d(-21).
-5
Let i(m) = 1512*m + 15245. What is i(-10)?
125
Let w(d) = 5*d**2 + 2600*d - 105971. Give w(38).
49
Let v(h) = 993*h + 6422. What is v(-6)?
464
Let t(s) = -2*s**3 + s**2 + 212*s + 1019. Give t(0).
1019
Let z(c) = 3*c**2 + 92*c + 706. Calculate z(-30).
646
Let t(y) = 2*y**3 + 12*y**2 - 10*y - 63. What is t(-6)?
-3
Let y(c) = 413*c - 26828. Determine y(65).
17
Let j(x) = 28365*x - 226790. Calculate j(8).
130
Let r(q) = 3406*q - 149863. Calculate r(44).
1
Let n(c) = -1205*c - 52975. Determine n(-44).
45
Let b(y) = y**2 + 535*y - 1594. Determine b(3).
20
Let t(y) = -2479*y - 59473. Determine t(-24).
23
Let m(p) = 17*p**2 - 909*p - 1820. Determine m(-2).
66
Let o(b) = 2*b**2 - 704*b - 61076. Calculate o(-72).
-20
Let q(x) = 5*x**2 + 33964*x + 474554. What is q(-14)?
38
Let j(s) = s**3 - 43*s**2 + 462*s + 173. What is j(19)?
287
Let g(v) = v**3 + 128*v**2 - 519*v + 24. What is g(4)?
60
Let m(p) = -p**3 - 422*p**2 - 2913*p - 3317. What is m(-415)?
3
Let k(d) = 4*d**2 - 8487*d + 59203. Give k(7).
-10
Let x(o) = 6*o**2 - 1375*o - 37837. Calculate x(254).
9
Let i(w) = 2827*w - 121105. What is i(43)?
456
Let w(d) = 21846*d**2 + 131089*d + 46. Give w(-6).
-32
Let i(c) = -c**3 - 12*c**2 + 16*c + 403. Determine i(-7).
46
Let v(z) = -471*z - 5164. Calculate v(-7).
-1867
Let q(z) = -57*z**2 + 537*z + 21. Calculate q(7).
987
Let d(b) = -b**3 + 55*b**2 - 442*b - 1304. What is d(13)?
48
Let q(i) = -i**3 - 137*i**2 - 67*i - 9041. What is q(-137)?
138
Let g(j) = 3*j**2 + 325*j + 339. What is g(-105)?
-711
Let r(h) = 55*h**2 + 26*h - 3262. Determine r(0).
-3262
Let n(o) = 39*o**2 + 18132*o - 1401. Calculate n(-465).
-6
Let g(f) = -f**2 + 7519*f - 299176. Give g(40).
-16
Let r(i) = -1087*i - 17587. Determine r(-16).
-195
Let l(h) = -93734*h - 17434529. Determine l(-186).
-5
Let s(a) = -a**3 - 26*a**2 - 108*a + 288. What is s(-8)?
0
Let z(l) = -l**3 + 55*l**2 + 472*l - 529. Give z(62).
1827
Let q(u) = -2*u**3 + 80*u**2 - 40*u + 17242. Give q(44).
-6
Let t(y) = -9586*y + 230065. Determine t(24).
1
Let a(y) = -34*y**3 - 2414*y**2 + 2*y + 197. Give a(-71).
55
Let i(t) = t**3 + 102*t**2 - 914*t - 62900. Determine i(-105).
-5
Let a(g) = -4*g**2 + 48*g - 139. What is a(24)?
-1291
Let c(t) = 3704404*t - 3704406. Calculate c(1).
-2
Let a(d) = -6*d**2 - 180*d - 920. Calculate a(-24).
-56
Let k(j) = j**3 - 61*j**2 + 590*j - 27. Give k(12).
-3
Let g(f) = f**2 - 2050*f - 75517. Calculate g(-36).
-421
Let x(k) = -k**3 + 26*k**2 - 515*k - 2530. What is x(-4)?
10
Let i(l) = -156443*l - 156453. Calculate i(-1).
-10
Let p(j) = 5554*j + 27767. Calculate p(-5).
-3
Let d(f) = -5*f**2 - 238*f - 2318. Calculate d(-13).
-69
Let o(u) = -1012500*u + 8100029. What is o(8)?
29
Let o(a) = -8270*a + 49606. What is o(6)?
-14
Let s(t) = 2*t**3 - 4*t**2 + 195*t + 1747. Give s(-6).
1
Let g(h) = 56*h**2 - 14*h + 92. Calculate g(4).
932
Let v(j) = 2626*j - 60640. Calculate v(23).
-242
Let c(w) = -530*w**2 + 7813*w + 7812. Determine c(-1).
-531
Let t(m) = 3*m**2 + 2462*m + 481178. What is t(-321)?
-1
Let s(l) = 2257*l**2 - 135419*l - 62. Calculate s(60).
-2
Let l(w) = -59*w - 1571. What is l(-37)?
612
Let c(y) = -2*y**3 - 294*y**2 - 283*y + 1648. Determine c(-146).
334
Let p(n) = 468*n + 16974. What is p(-18)?
8550
Let u(d) = -40*d**3 - 1844*d**2 - 195*d + 63. Calculate u(-46).
569
Let h(f) = 13728*f - 562833. Give h(41).
15
Let l(x) = 182526*x - 2007763. What is l(11)?
23
Let m(t) = t**3 + 117*t**2 + 1198*t + 350. Determine m(-11).
-2
Let f(r) = -341*r + 37851. Determine f(111).
0
Let a(q) = -52*q**3 - 79*q**2 - 15*q - 3. Give a(-4).
2121
Let f(h) = -47*h**2 + 1603*h + 1602. Give f(-1).
-48
Let f(r) = -54*r**3 - 1295*r**2 + 32*r + 252. What is f(-24)?
60
Let f(d) = -85*d**2 - 170*d + 249. Calculate f(-3).
-6
Let z(u) = u**2 - 3251*u + 19460. What is z(6)?
-10
Let c(s) = 4798*s - 7262. Give c(2).
2334
Let n(h) = h**3 - 14*h**2 + 48*h - 2144. What is n(18)?
16
Let s(y) = 3*y**3 + 283*y**2 + 12*y - 7706. Give s(-94).
2
Let v(n) = -19902*n + 218926. Calculate v(11).
4
Let w(i) = -51*i**3 + 2*i**2 - 28*i - 88. Determine w(-3).
1391
Let m(u) = -u**3 - 10*u**2 + 672*u + 607. Give m(-31).
-44
Let w(l) = -96*l**2 - 1745*l - 299. Give w(-18).
7
Let i(j) = -2*j**2 + 15395*j + 169581. Give i(-11).
-6
Let i(n) = 5992*n + 275611. What is i(-46)?
-21
Let x(k) = 7*k**2 - 32*k - 5451. Calculate x(0).
-5451
Let v(u) = -819*u**2 - 2565*u - 321. What is v(-3)?
3
Let u(f) = 242*f**2 + 15731*f + 61. Give u(-65).
-4
Let m(g) = -1110*g + 4443. Give m(4).
3
Let a(t) = -5270*t + 137050. What is a(26)?
30
Let c(d) = -d**2 - 375*d + 8653. What is c(21)?
337
Let d(x) = -66615*x + 732766. Give d(11).
1
Let d(k) = 1830*k - 246956. Calculate d(135).
94
Let k(w) = -13484*w + 107906. Calculate k(8).
34
Let x(j) = 3*j**2 - 227*j - 7531. Give x(-25).
19
Let o(p) = -498277*p + 996520. What is o(2)?
-34
Let k(o) = 150491*o + 752463. What is k(-5)?
8
Let a(w) = 534*w + 89190. Determine a(-167).
12
Let l(m) = 2*m**2 - 3595*m - 14376. Give l(-4).
36
Let b(s) = 2*s**3 + 23*s**2 + 2294*s + 25067. Determine b(-11).
-46
Let t(z) = -28284*z - 339394. What is t(-12)?
14
Let g(q) = 332*q**2 + 189237*q - 1717. What is g(-570)?
-7
Let q(l) = 500*l**2 - 12508*l - 56. Determine q(25).
-256
Let f(r) = 4*r**3 - 461*r**2 + 11562*r + 713. Calculate f(37).
10
Let i(k) = k**3 - 621*k**2 - 1665*k - 129178. Calculate i(624).
-10
Let u(y) = y**3 + 173*y**2 + 3790*y - 167. What is u(-26)?
665
Let r(a) = -27*a + 757. Give r(37).
-242
Let b(p) = -762*p + 18236. What is b(24)?
-52
Let u(d) = 14*d**3 - 294*d**2 + 279*d + 59. Determine u(20).
39
Let p(v) = -6*v**3 - 13*v**2 - 19*v + 83. Determine p(4).
-585
Let i(l) = -2*l**3 - 340*l**2 - 11*l - 4328. Determine i(-170).
-2458
Let t(f) = -218*f**2 - 23*f - 3. Give t(1).
-244
Let v(l) = 15*l**2 - 8470*l - 25541. Determine v(-3).
4
Let o(f) = -f**3 - 7*f**2 + 1025*f + 7265. Give o(-7).
90
Let z(q) = 2232*q + 11109. Give z(-5).
-51
Let b(o) = o**2 - 13790*o + 4743260. What is b(353)?
-1
Let j(d) = -55978*d - 2127158. Determine j(-38).
6
Let r(u) = u**3 + 37*u**2 - 128*u - 315. Determine r(-40).
5
Let y(m) = 496*m - 93962. What is y(179)?
-5178
Let c(q) = -q**2 - 1633*q + 430598. Calculate c(231).
14
Let u(l) = -6*l**2 - 4318*l + 69352. What is u(16)?
-1272
Let k(a) = 13664*a + 18719680. Determine k(-1370).
0
Let m(n) = 12777*n - 25581. Calculate m(2).
-27
Let u(x) = -327*x + 44326. Calculate u(134).
508
Let f(o) = o**3 + 50*o**2 + 453*o - 9. Give f(-40).
-2129
Let m(u) = 7*u**3 + 476*u**2 + 487*u + 1203. Give m(-67).
-3
Let l(u) = u**3 + 61*u**2 - 35*u - 5313. Determine l(-60).
387
Let y(o) = -11*o**2 - 364*o + 211. Give y(-33).
244
Let d(b) = 5*b**3 + 372*b**2 + 146*b - 211. Give d(-74).
-63
Let w(z) = 1027*z + 396. Determine w(-1).
-631
Let f(t) = -6*t**3 - 3695*t**2 + 608*t - 5128. Calculate f(-616).
-200
Let o(b) = -b**3 - 77*b**2 - 303*b + 96. Calculate o(-4).
140
Let a(j) = 4*j**2 + 558*j + 3864. Determine a(-7)